e greatest common factor of 98 and 6272?
98
What is the greatest common factor of 8 and 120?
8
Calculate the greatest common factor of 9472 and 444.
148
Calculate the highest common factor of 28 and 875.
7
What is the greatest common divisor of 1537 and 477?
53
Calculate the greatest common factor of 465 and 30.
15
What is the greatest common divisor of 806 and 899?
31
What is the highest common divisor of 1025 and 41?
41
What is the greatest common factor of 6273 and 17?
17
What is the greatest common divisor of 1 and 14?
1
What is the highest common factor of 36 and 4252?
4
Calculate the highest common divisor of 4 and 924.
4
What is the greatest common divisor of 341 and 434?
31
Calculate the highest common factor of 75 and 225.
75
Calculate the highest common factor of 160 and 405.
5
What is the greatest common factor of 416 and 24336?
208
What is the highest common factor of 41 and 32185?
41
Calculate the highest common factor of 63 and 1722.
21
What is the highest common factor of 14274 and 117?
117
Calculate the greatest common factor of 1846 and 52.
26
What is the greatest common factor of 12935 and 13?
13
What is the highest common divisor of 62 and 589?
31
What is the greatest common divisor of 561 and 306?
51
Calculate the greatest common factor of 816 and 528.
48
Calculate the highest common factor of 490 and 340.
10
Calculate the highest common divisor of 47585 and 307.
307
Calculate the greatest common divisor of 12985 and 49.
49
What is the greatest common factor of 66 and 110?
22
What is the greatest common factor of 12207 and 39?
39
What is the highest common divisor of 238 and 374?
34
Calculate the highest common divisor of 103 and 2575.
103
Calculate the highest common divisor of 89 and 5340.
89
What is the greatest common divisor of 616 and 560?
56
What is the highest common divisor of 5664 and 16?
16
What is the highest common factor of 54 and 18558?
18
What is the highest common factor of 22 and 506?
22
What is the greatest common factor of 36 and 516?
12
What is the highest common factor of 30 and 16680?
30
What is the highest common factor of 320 and 10?
10
Calculate the greatest common factor of 640 and 1408.
128
Calculate the greatest common factor of 74 and 37.
37
Calculate the greatest common factor of 18 and 126.
18
Calculate the greatest common factor of 1595 and 110.
55
Calculate the greatest common factor of 77 and 3311.
77
What is the greatest common factor of 14 and 1519?
7
Calculate the highest common factor of 14 and 186.
2
What is the highest common divisor of 38 and 3895?
19
Calculate the highest common divisor of 364 and 2884.
28
What is the highest common factor of 25 and 79?
1
What is the greatest common divisor of 30 and 18?
6
What is the highest common factor of 44 and 220?
44
Calculate the greatest common divisor of 7116 and 12.
12
Calculate the highest common divisor of 476 and 84.
28
What is the highest common factor of 56 and 364?
28
Calculate the highest common divisor of 832 and 13.
13
Calculate the highest common divisor of 9 and 639.
9
What is the greatest common divisor of 81 and 5427?
81
Calculate the highest common factor of 600 and 45.
15
Calculate the highest common divisor of 12795 and 15.
15
Calculate the highest common divisor of 209 and 44.
11
What is the highest common factor of 900 and 1710?
90
Calculate the greatest common factor of 705 and 15.
15
Calculate the highest common divisor of 18 and 930.
6
What is the greatest common factor of 453 and 1661?
151
Calculate the greatest common divisor of 680 and 80.
40
What is the greatest common factor of 140 and 4340?
140
What is the greatest common factor of 620 and 40?
20
Calculate the greatest common divisor of 255 and 420.
15
Calculate the greatest common factor of 125 and 100.
25
Calculate the greatest common factor of 11 and 7051.
11
What is the highest common divisor of 504 and 11928?
168
What is the greatest common factor of 62 and 434?
62
What is the greatest common factor of 4609 and 22?
11
What is the highest common divisor of 2 and 9?
1
Calculate the highest common divisor of 204 and 136.
68
Calculate the highest common divisor of 30 and 240.
30
Calculate the highest common divisor of 240 and 84.
12
Calculate the highest common divisor of 2568 and 4.
4
Calculate the highest common factor of 44 and 374.
22
What is the greatest common factor of 41 and 7339?
41
What is the highest common factor of 100 and 680?
20
Calculate the greatest common factor of 74 and 222.
74
What is the greatest common factor of 3584 and 42?
14
Calculate the greatest common factor of 68 and 493.
17
What is the highest common factor of 59 and 472?
59
What is the highest common divisor of 550 and 286?
22
Calculate the highest common divisor of 17 and 272.
17
Calculate the highest common divisor of 1539 and 27.
27
What is the highest common divisor of 3624 and 24?
24
Calculate the greatest common factor of 207 and 115.
23
What is the greatest common divisor of 7 and 23?
1
Calculate the highest common divisor of 597 and 9.
3
What is the greatest common divisor of 25 and 100?
25
What is the greatest common factor of 910 and 26?
26
Calculate the highest common divisor of 141 and 3525.
141
What is the highest common divisor of 475 and 25?
25
What is the greatest common factor of 224 and 7?
7
Calculate the highest common divisor of 39 and 9997.
13
Calculate the greatest common divisor of 24 and 552.
24
What is the highest common divisor of 56 and 42?
14
Calculate the highest common factor of 28438 and 118.
118
Calculate the highest common factor of 2051 and 21.
7
Calculate the highest common factor of 21 and 7.
7
What is the greatest common factor of 436 and 67798?
218
Calculate the greatest common factor of 2850 and 600.
150
Calculate the greatest common factor of 216 and 27.
27
What is the greatest common divisor of 396 and 72?
36
What is the greatest common factor of 4464 and 12?
12
What is the highest common factor of 55 and 1595?
55
Calculate the greatest common divisor of 10158 and 12.
6
What is the highest common factor of 4424 and 280?
56
Calculate the highest common divisor of 495 and 2013.
33
Calculate the highest common divisor of 30 and 4070.
10
What is the greatest common factor of 9522 and 552?
138
Calculate the greatest common divisor of 2013 and 33.
33
Calculate the highest common factor of 36 and 450.
18
Calculate the highest common factor of 7 and 5152.
7
What is the greatest common factor of 2416 and 16?
16
Calculate the greatest common divisor of 111 and 37.
37
Calculate the highest common divisor of 111 and 888.
111
What is the highest common divisor of 459 and 408?
51
Calculate the highest common factor of 275 and 77.
11
What is the highest common factor of 22436 and 142?
142
What is the greatest common factor of 1197 and 323?
19
What is the highest common factor of 22 and 2332?
22
What is the highest common factor of 369 and 9?
9
Calculate the greatest common factor of 18 and 48402.
18
Calculate the greatest common divisor of 570 and 30.
30
What is the highest common divisor of 969 and 342?
57
Calculate the greatest common divisor of 27 and 225.
9
Calculate the highest common factor of 6232 and 1312.
328
Calculate the highest common factor of 20178 and 171.
171
Calculate the greatest common divisor of 75 and 12.
3
What is the highest common divisor of 3483 and 129?
129
What is the highest common divisor of 132 and 36?
12
What is the greatest common factor of 904 and 8?
8
What is the greatest common factor of 697 and 82?
41
What is the highest common divisor of 2 and 1196?
2
What is the greatest common factor of 370 and 481?
37
What is the greatest common divisor of 868 and 196?
28
What is the highest common factor of 12 and 492?
12
Calculate the greatest common divisor of 32 and 256.
32
What is the highest common factor of 7 and 429?
1
Calculate the highest common factor of 36 and 96.
12
Calculate the greatest common factor of 1760 and 330.
110
Calculate the greatest common divisor of 1075 and 475.
25
Calculate the highest common divisor of 581 and 301.
7
Calculate the highest common divisor of 231 and 77.
77
What is the greatest common divisor of 572 and 39?
13
Calculate the highest common divisor of 60 and 230.
10
What is the greate